 units digit of j(-3)?
4
Let d(t) = -168*t**3 - 6*t**2 - 43*t - 25. What is the hundreds digit of d(-4)?
8
Let w = 213 - 123. What is the hundreds digit of (1 + 560)*30/w?
1
Let a(b) = b**3 - 19*b**2 - 12*b + 2. Let n be (-4)/8*(0 - 1*-188). Let v = -74 - n. What is the units digit of a(v)?
2
Let i(f) = 5552*f**2 - 110*f + 109. What is the units digit of i(1)?
1
Let q be 21*(-3)/(36/(-16)). Let h be 4/q + (-1760)/(-28). Suppose -3*f + h = -108. What is the units digit of f?
7
Let f(w) = w - 29. Let p be f(31). Suppose p*q = -3*i - 11, -3*i - 2*q + 5*q - 36 = 0. Let b(h) = -15*h + 18. What is the tens digit of b(i)?
2
Let r = 44 + -72. Let c(t) = -t**3 - 19*t**2 - 37*t + 2. Let s be c(-17). Let g = r + s. What is the tens digit of g?
2
Let m(x) = 194*x**2 + 4*x + 2. Suppose 45 = -2*v - 61. Let r = 52 + v. What is the units digit of m(r)?
2
Let z be (-3)/(-4 + 1) - -152. Suppose z + 27 = 3*d. Suppose l + d = 3*l. What is the tens digit of l?
3
Suppose 4*k = -35*k + 281103 + 148404. What is the tens digit of k?
1
Let v(j) = 306*j + 585. What is the units digit of v(7)?
7
Suppose -4*s + 40 = 4*s. Suppose -s*k = -12*k + 3010. What is the tens digit of k?
3
Suppose 2*k - 16046 = 3*o, 2774*k + 2*o + 8023 = 2775*k. What is the thousands digit of k?
8
Let s(w) = w**3 - 11*w**2 - 14*w + 18. Suppose 0 = -21*d + 17*d + 48. Let u be s(d). What is the tens digit of (u/21 + (-16)/42)*-234?
5
Let h = 1422 + -988. Let a = 1013 - h. What is the tens digit of a?
7
Suppose -10701 = -2*d + 3*c - 2*c, 3*c = 4*d - 21409. What is the hundreds digit of d?
3
Suppose -109 + 29 = -8*v. Suppose -z = -v + 1. Let f = 23 - z. What is the units digit of f?
4
Let p(f) = 834*f + 1470. What is the ten thousands digit of p(45)?
3
Let n = 42121 + -25257. What is the units digit of n?
4
Suppose -4*i + 35 = 31. What is the tens digit of (3*136 - -3)*(0 + i)?
1
Suppose 829667 - 459326 + 534786 = 73*j. What is the units digit of j?
9
What is the tens digit of 91/(-14) - (-1159308)/72?
9
Suppose 275*u - 10500666 = -215*u + 20292404. What is the thousands digit of u?
2
Let b(m) = -14*m - 151. Let h be b(18). Let a = h + 554. What is the tens digit of a?
5
Let f = -78 + 73. Let u be -632*(7/(-42) - f/(-6)). Suppose 0 = 8*n - 4*n - u. What is the hundreds digit of n?
1
Let z(c) = 15*c**3 + 64*c**2 - 1. What is the units digit of z(-4)?
3
Suppose -1293181 = -19*i - 18*i + 22280. What is the tens digit of i?
5
Let c(o) be the third derivative of -o**6/120 - o**4/6 - 13*o**3/6 + 21*o**2. What is the tens digit of c(-7)?
5
What is the hundreds digit of (-1)/(4 - (-113379)/(-28343))?
0
Let d(i) = 877*i + 1451. What is the tens digit of d(15)?
0
Let i(t) = -2*t**2 - 19*t + 7. Let n(m) = 3*m**2 + 18*m - 7. Let v(o) = -4*i(o) - 3*n(o). Suppose -3*p = 10 - 73. What is the tens digit of v(p)?
1
Let m = 510 - 447. What is the tens digit of 3 - m/28 - (-3634)/8?
5
Let x = 97 - 94. Suppose -3*o + 2225 - 355 = 5*l, -x*l + 3*o + 1146 = 0. What is the units digit of l?
7
Let n(t) = -422*t**3 + 6*t**2 + 10*t + 2. Let r be n(-2). Suppose -6815 = -9*v + r. What is the tens digit of v?
3
Let k(c) = 2*c**3 - 22*c**2 + 10*c - 264. What is the units digit of k(18)?
2
What is the tens digit of (-908)/((72/24)/(9/(-2)))?
6
Let x = -11 + 16. Suppose p = -5*o - p + 2238, 0 = 5*o - x*p - 2245. Let b = -232 + o. What is the tens digit of b?
1
Let z(c) = -c**3 + 9*c**2 - 5*c - 20. Let v be z(8). Suppose a + x - 3161 = -4*a, v*a - x = 2527. What is the hundreds digit of a?
6
Suppose -61398 = -4*x - 66*n + 69*n, 0 = -5*n - 30. What is the ten thousands digit of x?
1
Suppose 23075 = a + 2*o, -333*a + 335*a - o - 46165 = 0. What is the ten thousands digit of a?
2
What is the thousands digit of (2*(-32)/16)/(2/(-3739))?
7
What is the thousands digit of (11 + -271 + 8)*((-300)/(-16))/(-3)?
1
Let b = -10925 - -20184. What is the units digit of b?
9
Suppose -d + 184260 = 11*d + 38844. What is the units digit of d?
8
Suppose 0*m = -4*m. Let g(j) = -j + 319. Let p be g(9). Suppose -9 = -3*u - m, -2*x + 4*u + p = 0. What is the units digit of x?
1
Let x = -664 - -955. Suppose -3*s - x = v, -s - 4*s - 1150 = 4*v. Let d = v + 490. What is the hundreds digit of d?
2
Let l = 10299 - 1091. What is the units digit of l?
8
Suppose 4124*y - 4176*y + 2633020 = 0. What is the ten thousands digit of y?
5
Let f(g) = 12*g**2 - 7*g + 21. Let l = -75 + 71. Let b(n) = -10*n**2 + 8*n - 20. Let y(z) = l*b(z) - 3*f(z). What is the tens digit of y(7)?
3
Suppose -4*p = 2*d - 20610, 2*p = -8*d + 6*d + 10300. What is the tens digit of p?
5
Let h(q) = -q**3 - 3*q**2 + q + 1. Let d be h(-3). What is the tens digit of 130 + 0 + -3 + 6/d?
2
Let p be -6 + 6 + -6 - -4. What is the hundreds digit of -3 - (p - -2) - -339?
3
What is the units digit of 19/1 + (-4742100)/(-132)?
4
Suppose 2*z - 4*z - 6 = 5*y, -2*z - 6 = 0. Suppose y = 27*o - 9*o - 10656. What is the hundreds digit of o?
5
Let o = 751 + -1341. Let u be o/(-12) - (-3)/(-18). Suppose -u*v + 62 = -47*v. What is the units digit of v?
1
Let r = -297 + 297. Suppose 5*w - 5*t - 2420 = 0, r = -4*w + 4*t - 5*t + 1911. What is the hundreds digit of w?
4
Let z be 6/(-4)*4*2/(-4). Suppose -4*u - b + 5*b = -140, z*u = 5*b + 113. Let a = 15 + u. What is the tens digit of a?
4
Suppose 0 = 2*t + t - 81. Let b = -126 - t. What is the tens digit of (b*(-2 + 5/3))/1?
5
Let v = -95 + 102. Suppose -v*p + 2038 = -2*p - x, -5*p - 2*x = -2029. What is the units digit of p?
7
Let k = -10855 + 31885. What is the tens digit of k?
3
What is the hundreds digit of (-73)/(500/170 - 3)?
2
Let p be -90*(0 + -2 + 1). Let i = -653 - -589. Let j = i + p. What is the tens digit of j?
2
Suppose 2*m - 422 = -v + 392, -3*m + 2442 = 3*v. Let j = 1858 - v. What is the tens digit of j?
4
Suppose -9*d + 16*d = 34755. Suppose -d = 16*q - 14757. What is the units digit of q?
2
Let m(l) = 34*l - 52. Let g be m(20). Let d = -288 + g. What is the units digit of d?
0
Suppose 34*g = 17*g. Suppose -4*x + x + 2385 = g. What is the hundreds digit of x?
7
What is the hundreds digit of 86007 + -18 + (10 - 0)?
9
Let l(x) = -3*x**2 - 36*x - 55. Let j be l(-10). Suppose n + 12 = 5*b, -5*b + 0*n = -3*n - 16. What is the units digit of j + -2 + -1 - -86 - b?
6
Suppose 0 = 663*s - 668*s + 3770. What is the units digit of s/(-6)*1/((-4)/36)?
1
Suppose -z = 15*z - 878608. What is the thousands digit of z?
4
Let b be 101507/136 - ((-9)/(-24) + 0). Suppose -5*l + b = z + 2*z, 988 = 4*z + 5*l. What is the tens digit of z?
4
What is the hundreds digit of (-342486)/(-6)*(-28)/(-42)?
0
Let x(p) = p - 1. Let l(k) = -17*k - 16. Let u(g) = g**2 - 14*g + 20. Let v be u(12). Let d(a) = v*x(a) + l(a). What is the hundreds digit of d(-6)?
1
Let i = -41 - 83. Let t be (-5 + -4)*i/6. Suppose -18*l + t = -16*l. What is the units digit of l?
3
Let k(c) = 17*c**2 - 41*c - 310. What is the units digit of k(18)?
0
Suppose -7*u + 2*g - 90 = -3*u, -4*u - 4*g = 72. Let x be 15/u + ((-15)/(-21) - 1). What is the tens digit of x/(-6) - 1174/(-12)?
9
Suppose -372*l = -382*l + 464460. What is the tens digit of l?
4
Let r be (-6)/6 + 413 + 0. Let f = r + -268. What is the units digit of f?
4
What is the tens digit of 964/723 + 1 + 58996/6?
3
Let o = 124 + 2. Suppose -o*a = -121*a - 2100. What is the hundreds digit of a?
4
Let x(o) be the second derivative of o**3/6 + 4*o**2 - 15*o. Let u be x(4). Suppose u*z + 198 = 15*z. What is the units digit of z?
6
Suppose -15 = -m + 4*m, 5*k = -m - 2975. Let u = k + 1054. What is the hundreds digit of u?
4
Let q(u) = 2*u**2 + 101*u + 40. Let f be q(-55). Suppose -532*b - 2145 = -f*b. What is the units digit of b?
5
Let k(l) = l + 29. Let i be k(-22). Suppose i*n - 1948 = 1034. What is the tens digit of n?
2
Let k be (-22)/44*(0 + 0). Suppose 9*u - 4465 + 892 = k. What is the hundreds digit of u?
3
Let d(r) = 2*r**2 + 9*r + 8. Let m be d(-5). Let f = m - 15. What is the tens digit of f - (-3 - (18 - 3/(-1)))?
2
Let d be 35/(-7) - (-2 - -121). Let f = 998 + d. What is the tens digit of f?
7
Let q = -300 + 303. Suppose 3*x - q*g = 657, -3*x + 4*g + 0*g = -659. What is the tens digit of x?
1
Let d(l) = -l**2 - 6*l + 72. Let j be d(6). Suppose j = 8*f - 2091 - 2437. What is the hundreds digit of f?
5
Suppose t = -q - 3, 4*q = 6*t - 2*t - 20. What 